s the hundreds digit of 7200?
2
What is the units digit of 14688?
8
What is the units digit of 1210?
0
What is the hundreds digit of 10336?
3
What is the tens digit of 1195?
9
What is the tens digit of 24435?
3
What is the units digit of 93?
3
What is the hundreds digit of 22489?
4
What is the hundreds digit of 11944?
9
What is the hundreds digit of 863?
8
What is the thousands digit of 1775?
1
What is the thousands digit of 3010?
3
What is the tens digit of 7472?
7
What is the hundreds digit of 16043?
0
What is the units digit of 6434?
4
What is the ten thousands digit of 25564?
2
What is the hundreds digit of 17805?
8
What is the hundreds digit of 270?
2
What is the units digit of 28491?
1
What is the thousands digit of 9273?
9
What is the tens digit of 2936?
3
What is the ten thousands digit of 52772?
5
What is the tens digit of 1707?
0
What is the units digit of 11572?
2
What is the tens digit of 3057?
5
What is the hundreds digit of 11885?
8
What is the hundreds digit of 480?
4
What is the ten thousands digit of 14904?
1
What is the thousands digit of 19596?
9
What is the thousands digit of 1441?
1
What is the tens digit of 4846?
4
What is the tens digit of 98?
9
What is the hundreds digit of 3335?
3
What is the hundreds digit of 10868?
8
What is the hundreds digit of 596?
5
What is the thousands digit of 3529?
3
What is the tens digit of 9902?
0
What is the thousands digit of 2184?
2
What is the units digit of 626?
6
What is the units digit of 894?
4
What is the thousands digit of 2181?
2
What is the hundreds digit of 68102?
1
What is the tens digit of 296?
9
What is the ten thousands digit of 51391?
5
What is the hundreds digit of 917?
9
What is the hundreds digit of 17995?
9
What is the thousands digit of 73452?
3
What is the hundreds digit of 6629?
6
What is the hundreds digit of 3220?
2
What is the tens digit of 8569?
6
What is the units digit of 1919?
9
What is the tens digit of 218?
1
What is the ten thousands digit of 70530?
7
What is the ten thousands digit of 46252?
4
What is the units digit of 17853?
3
What is the hundreds digit of 1514?
5
What is the tens digit of 9900?
0
What is the tens digit of 29633?
3
What is the thousands digit of 3548?
3
What is the units digit of 19358?
8
What is the thousands digit of 1116?
1
What is the units digit of 413?
3
What is the tens digit of 2744?
4
What is the units digit of 407?
7
What is the hundreds digit of 2487?
4
What is the tens digit of 840?
4
What is the units digit of 2182?
2
What is the thousands digit of 2116?
2
What is the ten thousands digit of 20520?
2
What is the tens digit of 148402?
0
What is the hundreds digit of 7264?
2
What is the units digit of 6973?
3
What is the units digit of 993?
3
What is the hundreds digit of 6664?
6
What is the thousands digit of 148901?
8
What is the tens digit of 5520?
2
What is the hundreds digit of 15478?
4
What is the ten thousands digit of 42041?
4
What is the units digit of 1305?
5
What is the hundreds digit of 3687?
6
What is the units digit of 420?
0
What is the hundreds digit of 5255?
2
What is the units digit of 12038?
8
What is the thousands digit of 1147?
1
What is the tens digit of 4683?
8
What is the ten thousands digit of 44332?
4
What is the hundreds digit of 4739?
7
What is the units digit of 1372?
2
What is the hundreds digit of 1115?
1
What is the tens digit of 298?
9
What is the ten thousands digit of 16164?
1
What is the units digit of 35034?
4
What is the tens digit of 8370?
7
What is the tens digit of 1447?
4
What is the tens digit of 6376?
7
What is the thousands digit of 28463?
8
What is the units digit of 3239?
9
What is the units digit of 3508?
8
What is the tens digit of 40992?
9
What is the tens digit of 15635?
3
What is the tens digit of 2749?
4
What is the units digit of 5383?
3
What is the units digit of 12977?
7
What is the units digit of 443?
3
What is the thousands digit of 4997?
4
What is the hundreds digit of 6827?
8
What is the units digit of 53767?
7
What is the units digit of 646?
6
What is the ten thousands digit of 11027?
1
What is the tens digit of 1114?
1
What is the units digit of 4049?
9
What is the units digit of 815?
5
What is the tens digit of 11852?
5
What is the units digit of 12446?
6
What is the thousands digit of 45436?
5
What is the units digit of 1187?
7
What is the hundreds digit of 4471?
4
What is the units digit of 13768?
8
What is the hundreds digit of 1647?
6
What is the tens digit of 2418?
1
What is the tens digit of 1650?
5
What is the units digit of 7839?
9
What is the units digit of 43132?
2
What is the hundreds digit of 949?
9
What is the units digit of 5862?
2
What is the ten thousands digit of 29525?
2
What is the tens digit of 5904?
0
What is the ten thousands digit of 33505?
3
What is the thousands digit of 24764?
4
What is the ten thousands digit of 10580?
1
What is the thousands digit of 6023?
6
What is the thousands digit of 64120?
4
What is the thousands digit of 90437?
0
What is the units digit of 303?
3
What is the units digit of 2989?
9
What is the hundred thousands digit of 112992?
1
What is the thousands digit of 4232?
4
What is the units digit of 11928?
8
What is the units digit of 1116?
6
What is the ten thousands digit of 10773?
1
What is the tens digit of 3212?
1
What is the ten thousands digit of 10029?
1
What is the tens digit of 736?
3
What is the thousands digit of 33337?
3
What is the ten thousands digit of 53501?
5
What is the tens digit of 5570?
7
What is the thousands digit of 33190?
3
What is the hundreds digit of 1368?
3
What is the hundreds digit of 1214?
2
What is the thousands digit of 2953?
2
What is the tens digit of 8825?
2
What is the thousands digit of 5683?
5
What is the thousands digit of 85862?
5
What is the hundreds digit of 39369?
3
What is the tens digit of 14693?
9
What is the units digit of 206?
6
What is the hundreds digit of 212?
2
What is the hundreds digit of 1078?
0
What is the thousands digit of 7858?
7
What is the hundreds digit of 341?
3
What is the thousands digit of 31330?
1
What is the tens digit of 974?
7
What is the thousands digit of 33987?
3
What is the tens digit of 30812?
1
What is the hundreds digit of 5670?
6
What is the thousands digit of 1287?
1
What is the hundreds digit of 14556?
5
What is the tens digit of 2916?
1
What is the ten thousands digit of 11174?
1
What is the hundreds digit of 134865?
8
What is the units digit of 14476?
6
What is the ten thousands digit of 44981?
4
What is the units digit of 791?
1
What is the units digit of 10354?
4
What is the thousands digit of 8322?
8
What is the tens digit of 1015?
1
What is the tens digit of 102405?
0
What is the tens digit of 2447?
4
What is the hundreds digit of 1447?
4
What is the tens digit of 3951?
5
What is the tens digit of 777?
7
What is the thousands digit of 32636?
2
What is the tens digit of 250?
5
What is the tens digit of 32711?
1
What is the hundreds digit of 45685?
6
What is the hundreds digit of 2311?
3
What is the hundreds digit of 3946?
9
What is the tens digit of 260?
6
What is the tens digit of 13966?
6
What is the thousands digit of 4477?
4
What is the tens digit of 723?
2
What is the hundreds digit of 32921?
9
What is the hundreds digit of 1392?
3
What is the hundreds digit of 925?
9
What is the hundreds digit of 428?
4
What is the thousands digit of 4738?
4
What is the tens digit of 169908?
0
What is the hundreds digit of 103685?
6
What is the tens digit of 28640?
4
What is the tens digit of 44188?
8
What is the thousands digit of 14612?
4
What is the hundreds digit of 10929?
9
What is the tens digit of 12786?
8
What is the units digit of 2837?
7
What is the units digit of 1132?
2
What is the hundreds digit of 162?
1
What is the units digit of 22392?
2
What is the ten thousands digit of 55092?
5
What is the thousands digit of 116847?
6
What is the units digit of 2768?
8
What is the ten thousands digit of 17273?
1
What is the hundreds digit of 8744?
7
What is the units digit of 968?
8
What is the hundreds digit of 73434?
4
What is the ten thousands digit of 15445?
1
What is the hundreds digit of 5330?
3
What is the hundreds digit of 2795?
7
What is the units digit of 757?
7
What is the ten thousands digit of 15991?
1
What is the thousands